-202 + 120?
-12
In base 10, what is 6 + 629?
635
In base 16, what is -f0 + 1?
-ef
In base 13, what is 4a - -11?
5b
In base 3, what is -12 - -220220?
220201
In base 14, what is -2 - -7d2?
7d0
In base 11, what is -71 - 1?
-72
In base 9, what is -2 + 7?
5
In base 10, what is -531 + -4?
-535
In base 7, what is -151 + -104?
-255
In base 5, what is 101 - -3032?
3133
In base 3, what is -20100110 - -11?
-20100022
In base 15, what is 26 - 4?
22
In base 8, what is 10 + 763?
773
In base 13, what is -79 - b?
-87
In base 8, what is 436 + 26?
464
In base 14, what is -4 + 760?
75a
In base 16, what is c - -1?
d
In base 9, what is -5344 + 4?
-5340
In base 12, what is 6a72 + -2?
6a70
In base 2, what is 10001001 + -1?
10001000
In base 6, what is 4 + -1031?
-1023
In base 13, what is 2512 + -5?
250a
In base 15, what is 231 - 0?
231
In base 5, what is 2 + 221?
223
In base 14, what is -bb + 11?
-aa
In base 5, what is -1140 - -1?
-1134
In base 14, what is 2 - 53b?
-539
In base 13, what is 198 - -9?
1a4
In base 13, what is -633 + -1?
-634
In base 13, what is -a980 + 2?
-a97b
In base 4, what is 0 + 122?
122
In base 6, what is -4 + 1440?
1432
In base 10, what is -111 + 2?
-109
In base 11, what is -98 - -3?
-95
In base 11, what is 2 + -385?
-383
In base 8, what is 43 + -34?
7
In base 8, what is -1071 - 0?
-1071
In base 8, what is 70 + 17?
107
In base 8, what is 6 - -15?
23
In base 16, what is 4cc - 4?
4c8
In base 12, what is -74 - -1?
-73
In base 6, what is -25034 - -5?
-25025
In base 3, what is 1000201 + 10?
1000211
In base 3, what is 11 + -20001?
-12220
In base 10, what is -20 - -1228?
1208
In base 2, what is 101 + -11?
10
In base 3, what is -11 + -20022222?
-20100010
In base 7, what is -5 - -3531?
3523
In base 15, what is 5 + -5e?
-59
In base 16, what is -2 - a42?
-a44
In base 8, what is 20 - -406?
426
In base 13, what is -265 - 2?
-267
In base 7, what is 3 + -6203?
-6200
In base 12, what is -3 - 1aa?
-1b1
In base 8, what is 4 - -111?
115
In base 4, what is 1 - 13?
-12
In base 5, what is 1 - 1301?
-1300
In base 3, what is -10101 + -101?
-10202
In base 15, what is -4 - -3db?
3d7
In base 3, what is 2 - 11110?
-11101
In base 11, what is 0 + 191?
191
In base 11, what is -22 + -2?
-24
In base 14, what is -42 - -5?
-3b
In base 7, what is 2 - -122?
124
In base 11, what is 0 - -3186?
3186
In base 9, what is 1 - 220?
-218
In base 2, what is -10 - 100101?
-100111
In base 2, what is 10010101100 - 1?
10010101011
In base 14, what is -4 + -67?
-6b
In base 7, what is -336 + 4?
-332
In base 14, what is -3 + 19?
16
In base 13, what is -2 - 13?
-15
In base 13, what is 214 - 2?
212
In base 2, what is -1011110010 + 11?
-1011101111
In base 13, what is 1 + -1?
0
In base 13, what is 2 - -71a?
71c
In base 4, what is -11321 - 0?
-11321
In base 11, what is 627 + 4?
630
In base 9, what is 4 + -166?
-162
In base 9, what is 0 - 246?
-246
In base 12, what is 2 - 84?
-82
In base 5, what is -110302 + -1?
-110303
In base 13, what is 2 + -76?
-74
In base 2, what is -1011011 - -110111?
-100100
In base 4, what is 0 - -1013221?
1013221
In base 12, what is b8 + b?
107
In base 11, what is 33 - -4?
37
In base 4, what is -3103 + -10?
-3113
In base 16, what is 4 + -24?
-20
In base 4, what is -3102 + -10?
-3112
In base 16, what is 6 + -89?
-83
In base 11, what is -a - -5?
-5
In base 15, what is 4 - 314?
-310
In base 14, what is -3 - -417?
414
In base 4, what is -20233 - 21?
-20320
In base 11, what is -3 + 47?
44
In base 10, what is 4 + -5326?
-5322
In base 7, what is -1 + 2465?
2464
In base 2, what is 1011100011 + -1?
1011100010
In base 9, what is -7 + 0?
-7
In base 13, what is -26 + 27?
1
In base 16, what is 34 - 3?
31
In base 4, what is 3 - 21?
-12
In base 8, what is -6 - -17?
11
In base 12, what is 12 + 3a?
50
In base 2, what is -100 + 100010?
11110
In base 5, what is 11122 + -3?
11114
In base 2, what is 1000 - -1000100?
1001100
In base 16, what is -6 - -a4?
9e
In base 10, what is 1739 + -9?
1730
In base 7, what is 2 + -26?
-24
In base 5, what is 34 - 11042?
-11003
In base 12, what is 38ba - -3?
3901
In base 11, what is 1336 - -2?
1338
In base 7, what is -2 + 3656?
3654
In base 10, what is -27 + 18?
-9
In base 9, what is -17 + 1075?
1057
In base 15, what is 218d - -1?
218e
In base 13, what is 5 - 48a?
-485
In base 10, what is -61 + 9?
-52
In base 11, what is -11 + -129a?
-1300
In base 7, what is -1332 + 3?
-1326
In base 9, what is 6 - -2528?
2535
In base 9, what is 832 - 2?
830
In base 11, what is -631 - 3?
-634
In base 2, what is 110001100100 + 0?
110001100100
In base 14, what is -3 - -25?
22
In base 3, what is 1002 - 101020?
-100011
In base 11, what is -6 + -395?
-3a0
In base 5, what is -10 - -114?
104
In base 2, what is -110 - 110010?
-111000
In base 9, what is 4 + -13?
-8
In base 2, what is -1110110 - -11?
-1110011
In base 13, what is -29 + 0?
-29
In base 7, what is 1 - -1304?
1305
In base 7, what is -362 - -3?
-356
In base 16, what is 4 - 986?
-982
In base 16, what is 2 + 165?
167
In base 8, what is 5 + 123?
130
In base 5, what is 1 - 13114?
-13113
In base 11, what is -5a + -5?
-64
In base 4, what is 131 + -13123?
-12332
In base 14, what is -1191 + 4?
-118b
In base 16, what is -5 - -18?
13
In base 15, what is 1 + 6c?
6d
In base 10, what is -10367 + 2?
-10365
In base 4, what is -2220 - -1?
-2213
In base 5, what is -13 + -2423?
-2441
In base 11, what is -1421 - -5?
-1417
In base 9, what is 3072 - 4?
3067
In base 16, what is -1 - 11?
-12
In base 8, what is 17 + -4?
13
In base 3, what is -121 + 112?
-2
In base 2, what is -111 - 1101001?
-1110000
In base 7, what is -66 - -10?
-56
In base 15, what is 860 - 5?
85a
In base 12, what is -21 - -3?
-1a
In base 3, what is -2102 + -12?
-2121
In base 5, what is -210022 - -3?
-210014
In base 10, what is -20 - 10?
-30
In base 10, what is -6 - -9?
3
In base 5, what is 0 - 3211?
-3211
In base 9, what is -1 + 2362?
2361
In base 13, what is -7 + -3c?
-46
In base 14, what is 249 - -3?
24c
In base 6, what is -12303 + 2?
-12301
In base 9, what is -3 + -13?
-16
In base 8, what is 0 - -1067?
1067
In base 10, what is -59 + -23?
-82
In base 11, what is -4 + -38?
-41
In base 6, what is 2 - -113?
115
In base 2, what is 11 - 1101010?
-1100111
In base 3, what is -101 + 121?
20
In base 9, what is -4 - 7?
-12
In base 12, what is -1 + 3488?
3487
In base 6, what is 44 + -322?
-234
In base 5, what is 31413 + -10?
31403
In base 4, what is 111 - -21?
132
In base 10, what is 0 + -2015?
-2015
In base 16, what is -93 - 2?
-95
In base 8, what is 154 - -60?
234
In base 12, what is -22 + -79?
-9b
In base 4, what is 11313213 - 2?
11313211
In base 6, what is 3 - 330?
-323
In base 5, what is -40 + -10?
-100
In base 9, what is 8 + 1305?
1314
In base 4, what is -102 + 11?
-31
In base 4, what is 10100000 - -1?
10100001
In base 13, what is -13 + 3c?
29
In base 9, what is -3010 + -2?
-3012
In base 13, what is ab + -9?
a2
In base 15, what is -1 + 256?
255
In base 13, what is 2 - -2122?
2124
In base 5, what is 1 + -31242?
-31241
In base 15, what is 4 + -5?
-1
In base 2, what is -11110100 + -100?
-11111000
In base 16, what is 2 - 16c?
-16a
In base 14, what is -5 - 48?
-4d
In base 14, what is -7 + 26?
1d
In base 9, what is 3 + -24?
-21
In base 2, what is 101101110 - -101?
101110011
In base 13, what is 95 - -4?
99
In base 12, what is -3 + a0?
99
In base 6, what is -4 + -5353?
-5401
In base 6, what is 1 + 51?
52
In base 10, what is 5 + -183?
-178
In base 10, what is -23 - -3?
-20
In base 15, what is 8 - -d6?
de
In base 13, what is -4 + a88?
a84
In base 13, what is 49c + -13?
489
In base 4, what is -121122 + 1?
-121121
In base 7, what is 63 - -40?
133
In base 6, what is -1112 + 11?
-1101
In base 6, what is 55201 - 4?
55153
In base 12, what is 109 - -2?
10b
In base 8, what is -2 + 15?
13
In base 12, what is 3b + -ab?
-70
In base 14, what is 1880 + 2?
1882
In base 16, what is -20 - -1?
-1f
In base 14, what is -2 - -15a?
158
In base 8, what is 1 + 20545?
20546
In base 6, what is 1004 - 2?
1002
In base 7, what is 353 - -134?
520
In base 9, what is -2565 - -3?
-2562
In base 14, what is 9 - 149?
-140
In base 2, what is -1 + -1001110101?
-1001110110
In base 6, what is -13203 + 3?
-13200
In base 9, what is 175 - 5?
170
In base 6, what is -3225 - 1?
-3230
In base 2, what is 100011 + -1011010?
-110111
In base 11, wh